?
-db4a7
In base 10, what is 3 + -37873237?
-37873234
In base 8, what is 35 + 3016351?
3016406
In base 13, what is 18912 - 675c?
12183
In base 15, what is 3 + -406860c?
-4068609
In base 10, what is -184605727 + 3?
-184605724
In base 8, what is 112 + 145265?
145377
In base 10, what is -2 - 46695373?
-46695375
In base 13, what is -1c021 - 745?
-1c766
In base 5, what is 122 + 2403404032?
2403404204
In base 3, what is -10 - -101121012121010?
101121012121000
In base 11, what is 277 - 180532?
-180266
In base 14, what is -185 + -6919?
-6aa0
In base 2, what is -10000000001001000110110001011 + 0?
-10000000001001000110110001011
In base 15, what is -1daec0 - 4?
-1daec4
In base 3, what is -12012111100 - 211121022?
-20001002122
In base 9, what is 1 + 3468?
3470
In base 13, what is 49bb7 - -1a?
49c04
In base 3, what is 201101100 + -121210?
200202120
In base 9, what is 6285 - 65511?
-58215
In base 2, what is 1001100110001100001 + 10101111?
1001100110100010000
In base 5, what is 1 + 14410021032?
14410021033
In base 16, what is 139ae97 - 0?
139ae97
In base 3, what is 1211112102111 - 100?
1211112102011
In base 15, what is 282aa4a + 3?
282aa4d
In base 11, what is 4 + -35538417?
-35538413
In base 4, what is 1023312 + -1003?
1022303
In base 9, what is -1627 - 445?
-2173
In base 14, what is -2217947c - 6?
-22179484
In base 10, what is 42 - -1779786?
1779828
In base 10, what is 4 + -51095812?
-51095808
In base 9, what is 127100 - 4401?
122588
In base 13, what is -193c090 + -6?
-193c096
In base 2, what is 100000001011010110001101 - 11?
100000001011010110001010
In base 6, what is -44511345 - -55?
-44511250
In base 9, what is -666188 - 1?
-666200
In base 7, what is 235 - 1544133?
-1543565
In base 16, what is 136 - 4356?
-4220
In base 8, what is -7 + -204365660?
-204365667
In base 11, what is -14a5561 + -1?
-14a5562
In base 9, what is -51676 + 12642?
-38034
In base 8, what is 221 - -420665?
421106
In base 15, what is b20ae7 + -9?
b20add
In base 15, what is -c99b308 + -5?
-c99b30d
In base 11, what is 5 - -1482246?
1482250
In base 4, what is -1002 + -11311332112?
-11311333120
In base 14, what is 592bb - 42?
59279
In base 2, what is 1001111 + -1001000010101010011000?
-1001000010101001001001
In base 10, what is 127 - -10114987?
10115114
In base 7, what is 2134144623 + -1?
2134144622
In base 10, what is -33129603 + -4?
-33129607
In base 10, what is 10794088 + -11?
10794077
In base 14, what is -4a779d9 + -4?
-4a779dd
In base 15, what is 99 - 10c8e?
-10be5
In base 8, what is -40 - -2140676?
2140636
In base 10, what is -36693 - -893?
-35800
In base 8, what is -21 + -2616310?
-2616331
In base 7, what is 33356 + -221322?
-154633
In base 2, what is -1001011100011111 + 10000100011?
-1001001011111100
In base 13, what is -4 - -571152?
57114b
In base 16, what is 10d2e23 + 0?
10d2e23
In base 7, what is 6660 - -2544?
12534
In base 5, what is -24013111 - 441?
-24014102
In base 12, what is 1 - -99a8b37?
99a8b38
In base 7, what is -616130 - 152?
-616312
In base 14, what is 172 + -c82c?
-c69a
In base 12, what is -35 + -477695?
-47770a
In base 12, what is -246 + 125b4?
1236a
In base 8, what is -106 - -725607?
725501
In base 13, what is -602 + -2ca1?
-35a3
In base 5, what is -4441300404 + 2?
-4441300402
In base 6, what is 3413411321 + -1?
3413411320
In base 3, what is 1 - 1010100001010?
-1010100001002
In base 6, what is -545532 + 11132?
-534400
In base 13, what is 11 + 5b22266?
5b22277
In base 2, what is -10010110 + -101111100001101100?
-101111100100000010
In base 8, what is 20767344 + -7?
20767335
In base 4, what is 1312122 + 3100310?
11013032
In base 15, what is -18 - 78818?
-78831
In base 4, what is -3 - 2301212332320?
-2301212332323
In base 13, what is 3693cbc9a + -2?
3693cbc98
In base 8, what is 27672503 + 4?
27672507
In base 12, what is 3470 - -14a?
35ba
In base 10, what is -2272511 - 8?
-2272519
In base 8, what is -5 + -334223415?
-334223422
In base 16, what is 3b4321f + 3?
3b43222
In base 2, what is -11001 + -111100000000111100011100?
-111100000000111100110101
In base 12, what is -b0546b + -44?
-b054b3
In base 2, what is -1110 + -100001100001100?
-100001100011010
In base 8, what is -57160 - 20554?
-77734
In base 6, what is 10401 + -451041?
-440240
In base 5, what is 1224 - -114021002?
114022231
In base 13, what is -1642 + -1468?
-2aaa
In base 11, what is -241216 - 22?
-241238
In base 12, what is -2 + 984967?
984965
In base 8, what is 162 + 1540567?
1540751
In base 8, what is -474621 + 12?
-474607
In base 13, what is -8a78a - -21?
-8a769
In base 14, what is -6 - 57c907?
-57c90d
In base 4, what is -320 - 122322311123?
-122322312103
In base 8, what is -56764 - -324?
-56440
In base 2, what is -111000 - 100011000000101111111110?
-100011000000110000110110
In base 16, what is 1df7186 + -6?
1df7180
In base 9, what is 15676317 - 116?
15676201
In base 3, what is 2120220002 + -1000200101?
1120012201
In base 6, what is -1035120 + 325?
-1034351
In base 5, what is -3 - -34034124?
34034121
In base 16, what is 9 - 998722?
-998719
In base 10, what is -12097 + -10019?
-22116
In base 10, what is 5 - 20295014?
-20295009
In base 6, what is 510302 + -20154?
450104
In base 10, what is 428131 + -274?
427857
In base 13, what is -4164a7 - 6b?
-416545
In base 2, what is 101110010011111110100011 + 1?
101110010011111110100100
In base 13, what is 3501c48 + 4?
3501c4c
In base 2, what is -100 + 10010101110000110110010010?
10010101110000110110001110
In base 10, what is -365 - 295761?
-296126
In base 12, what is 56b5125 + -11?
56b5114
In base 13, what is b4c402 - 3?
b4c3cc
In base 13, what is 6c4749 + -c2?
6c4657
In base 2, what is 1 + -1101111011100100000110?
-1101111011100100000101
In base 12, what is 697a92 + 185?
698057
In base 2, what is 111001100 - 100001010?
11000010
In base 10, what is -61 + 17218214?
17218153
In base 15, what is 1 + 67c5dc?
67c5dd
In base 11, what is 2a24 + -7a5?
222a
In base 8, what is -437572 + -5?
-437577
In base 10, what is -294952695 + -3?
-294952698
In base 7, what is -3 + -302610334?
-302610340
In base 16, what is 8 + 110bdb?
110be3
In base 5, what is 11 + -31220304110?
-31220304044
In base 5, what is 2041242 - -243232?
2340024
In base 2, what is 1000010 + -110000110011010101?
-110000110010010011
In base 11, what is 3 - -266191a2?
266191a5
In base 13, what is 11a7654 - -3?
11a7657
In base 7, what is 15014536 - 5?
15014531
In base 12, what is -1a0860 + -46?
-1a08a6
In base 6, what is 123342345 - 10?
123342335
In base 11, what is 5 + -63108?
-63103
In base 14, what is 7 - 7328b?
-73284
In base 3, what is -10221212001201 - -20021?
-10221211211110
In base 2, what is 10010101100000100000100011 + 10000?
10010101100000100000110011
In base 16, what is -262 - c82e?
-ca90
In base 10, what is -6639236 + -10?
-6639246
In base 2, what is 111100110100 - -1000001001?
1000100111101
In base 4, what is -133310 - 303132?
-1103102
In base 9, what is 45024570 + 6?
45024576
In base 14, what is a18667 - -2?
a18669
In base 15, what is -2 - 1a77894?
-1a77896
In base 15, what is -11b1e5 + 5?
-11b1e0
In base 16, what is b5e03d + -4?
b5e039
In base 6, what is 210 + -20433242?
-20433032
In base 14, what is cd + -1a23c?
-1a14d
In base 8, what is 326 - -151746?
152274
In base 14, what is 2 + -52390c?
-52390a
In base 13, what is -1 + 235c625?
235c624
In base 7, what is -463 - -50534?
50041
In base 8, what is -11134610 - -4?
-11134604
In base 7, what is 0 - -1033254246?
1033254246
In base 4, what is 21001 + 3131112?
3212113
In base 14, what is -3 - 101a297?
-101a29a
In base 6, what is 420 + -15302032?
-15301212
In base 5, what is 4 - -403111241?
403111300
In base 8, what is 164013705 + 30?
164013735
In base 7, what is 10 + -12250363?
-12250353
In base 8, what is -10 - -3022021?
3022011
In base 2, what is -1100001000000110010 + 11111?
-1100001000000010011
In base 5, what is -2034 - 3312?
-10401
In base 7, what is 131434 - 1220?
130214
In base 10, what is 65702383 - 4?
65702379
In base 5, what is -140433022232 + -10?
-140433022242
In base 12, what is 32974295 - -2?
32974297
In base 12, what is 795552 + -a?
795544
In base 12, what is 3811b2 - 2a7?
380b07
In base 13, what is -1cb9c5 + -3a?
-1cba32
In base 2, what is -100000 - 110100011111101101011?
-110100011111110001011
In base 3, what is 21 + 222121012022?
22212101